alse
Is 30 a factor of 1127355090?
True
Is 19 a factor of 2141745002?
False
Is 103512192 a multiple of 2382?
True
Is 143 a factor of 92334671?
True
Is 153 a factor of 2336061784?
False
Is 10 a factor of 121093570?
True
Is 131 a factor of 25584300?
True
Does 589 divide 27979788?
False
Is 121 a factor of 620942262?
False
Does 540 divide 52096245?
False
Is 24831801 a multiple of 801?
True
Is 29246304 a multiple of 268?
True
Is 3353470178 a multiple of 629?
False
Is 51 a factor of 7807083760?
False
Is 9360 a factor of 1517078160?
True
Is 1172221416 a multiple of 1313?
False
Is 828912000 a multiple of 4200?
True
Is 6358036205 a multiple of 5245?
True
Does 49 divide 269281065?
False
Is 176474893 a multiple of 5542?
False
Is 274 a factor of 16327934?
True
Is 21 a factor of 26052453?
True
Is 142 a factor of 36230144?
False
Does 27 divide 193029750?
True
Is 64 a factor of 393373376?
True
Is 3 a factor of 2150256?
True
Does 544 divide 23419089?
False
Does 42 divide 988972488?
True
Is 7 a factor of 11078361?
True
Is 1240164138 a multiple of 4?
False
Does 37 divide 522784844?
False
Is 2572906 a multiple of 59?
False
Is 780818126 a multiple of 17?
True
Is 44910616 a multiple of 8?
True
Is 23336660 a multiple of 15?
False
Is 36799344 a multiple of 951?
False
Is 1785078000 a multiple of 18?
True
Does 13 divide 61993258?
False
Does 125 divide 8990875?
True
Is 31 a factor of 99603434?
True
Does 26 divide 874375060?
True
Does 14 divide 143340246?
True
Does 8724 divide 1674362424?
True
Does 285 divide 19613792?
False
Is 120 a factor of 105331884?
False
Is 73455799 a multiple of 51?
False
Is 434727264 a multiple of 4539?
True
Is 1415 a factor of 4445735919?
False
Is 70 a factor of 129888570?
True
Is 941 a factor of 303788229?
False
Is 44425516 a multiple of 3?
False
Is 365 a factor of 1039237855?
True
Does 4 divide 32644433?
False
Is 69 a factor of 3456265062?
True
Does 94 divide 33404968?
True
Is 57 a factor of 641911920?
False
Is 91455161 a multiple of 88?
False
Is 623 a factor of 1192207283?
False
Is 747526749 a multiple of 111?
False
Is 13 a factor of 217539814?
False
Is 3 a factor of 68656636?
False
Is 13303000 a multiple of 1004?
True
Is 121073266 a multiple of 16?
False
Is 18 a factor of 113081068?
False
Does 34 divide 70961796?
False
Does 4332 divide 1038445380?
True
Is 123729770 a multiple of 59?
False
Is 64533819 a multiple of 1310?
False
Does 46 divide 192494544?
True
Is 122 a factor of 7179578?
True
Is 110622812 a multiple of 71?
False
Does 71 divide 2077596604?
True
Is 488 a factor of 5014688?
True
Is 28 a factor of 242767168?
True
Is 51355986 a multiple of 48?
False
Is 1202 a factor of 110606838?
True
Is 68390367 a multiple of 5?
False
Is 199053918 a multiple of 3066?
True
Is 102451296 a multiple of 1704?
True
Is 49 a factor of 540319031?
True
Is 802 a factor of 44334560?
True
Is 8 a factor of 318847832?
True
Does 55 divide 2403122182?
False
Does 120 divide 2661545760?
True
Does 164 divide 546047184?
True
Is 1402 a factor of 88529290?
True
Is 82156095 a multiple of 1113?
True
Is 10139 a factor of 4189366073?
False
Is 437 a factor of 428756870?
False
Is 469 a factor of 2584559103?
True
Is 14979453 a multiple of 934?
False
Does 107 divide 13990628?
False
Does 5 divide 92265670?
True
Is 99327557 a multiple of 10?
False
Does 129 divide 280069831?
False
Is 1638 a factor of 34913006?
False
Is 5153611 even?
False
Does 5 divide 6195318?
False
Is 857278191 a multiple of 3716?
False
Is 168942268 a multiple of 6116?
True
Is 8 a factor of 2897265576?
True
Does 11 divide 18072432?
False
Is 248 a factor of 72021508?
False
Is 26862584 a multiple of 935?
False
Is 41 a factor of 107452710?
False
Is 24 a factor of 445592907?
False
Is 49638768 a multiple of 235?
False
Does 100 divide 5931100?
True
Is 20 a factor of 18456940?
True
Does 107 divide 46425588?
True
Is 620038096 a multiple of 2525?
False
Is 47375565 a multiple of 8?
False
Does 48 divide 54876960?
True
Is 723592675 a multiple of 12?
False
Does 229 divide 92226074?
False
Is 229791686 a multiple of 973?
False
Is 3794 a factor of 55115438?
True
Is 58500457 a multiple of 12?
False
Is 24 a factor of 151947089?
False
Does 290 divide 2737343640?
True
Is 365854634 a multiple of 17?
False
Is 913311 even?
False
Does 126 divide 6994764?
True
Is 729393035 a multiple of 64?
False
Is 316449980 a multiple of 220?
True
Is 456466692 a multiple of 132?
True
Is 119403115 a multiple of 223?
False
Is 9076332 a multiple of 22?
False
Is 591477149 a multiple of 46?
False
Is 194297850 a multiple of 97?
False
Is 364 a factor of 80877865?
False
Does 2564 divide 2265360664?
True
Is 12 a factor of 45766680?
True
Does 94 divide 27596021?
False
Is 99350194 a multiple of 622?
True
Does 40 divide 4810496?
False
Is 1345 a factor of 73422205?
True
Is 56 a factor of 1200973592?
True
Does 394 divide 311035420?
True
Does 26 divide 60457?
False
Does 48 divide 361521149?
False
Does 62 divide 60197660?
True
Is 450936492 a multiple of 3864?
False
Does 11 divide 20193662?
False
Does 4 divide 18874839?
False
Does 220 divide 41109203?
False
Does 57 divide 12185128?
False
Does 359 divide 1154680779?
True
Is 601 a factor of 1092911384?
False
Is 9579860 a multiple of 145?
True
Is 103 a factor of 9449129?
False
Is 69 a factor of 1222791987?
True
Does 72 divide 15822360?
True
Is 72 a factor of 65453722?
False
Is 3577 a factor of 537577060?
False
Is 11871216 a multiple of 14?
True
Does 100 divide 4365370?
False
Is 173 a factor of 38259857?
False
Is 80217033 a multiple of 533?
True
Is 111 a factor of 76551705?
True
Does 5261 divide 452180035?
False
Does 436 divide 46489372?
True
Does 11 divide 492008?
True
Is 227175068 a multiple of 443?
False
Is 190 a factor of 89368057?
False
Does 22 divide 11717567?
False
Is 17 a factor of 349859607?
False
Is 155212783 a multiple of 15?
False
Is 5849 a factor of 182313330?
True
Does 1150 divide 467383000?
True
Is 62054725 a multiple of 2538?
False
Is 15623464 a multiple of 235?
False
Is 22 a factor of 230565857?
False
Is 9948172 a multiple of 19?
True
Does 5553 divide 470283143?
False
Is 111325702 a multiple of 24?
False
Is 2 a factor of 3233203?
False
Is 200 a factor of 161150600?
True
Is 7382284 a multiple of 14?
True
Does 8 divide 1315330?
False
Does 9774 divide 4389452911?
False
Does 98 divide 23338112?
True
Does 1295 divide 63638868?
False
Is 31174448 a multiple of 28?
False
Is 41419062 a multiple of 86?
True
Does 1096 divide 76175288?
True
Does 69 divide 41238540?
True
Is 3054970394 a multiple of 8290?
False
Is 8 a factor of 1025312608?
True
Is 980380 a multiple of 5?
True
Does 3282 divide 428397795?
False
Is 3513 a factor of 1999870101?
True
Is 3 a factor of 34986475?
False
Is 399 a factor of 440568385?
False
Is 4 a factor of 4246206?
False
Is 2760 a factor of 190440?
True
Is 76385500 a multiple of 13?
False
Does 57 divide 6313092?
True
Is 80394860 a multiple of 1084?
True
Is 963 a factor of 220262175?
True
Does 1418 divide 446275814?
False
Is 1151983026 a multiple of 25?
False
Is 16 a factor of 17874453?
False
Is 12 a factor of 725228952?
True
Is 21 a factor of 46853845?
False
Is 77 a factor of 375120130?
True
Is 125 a factor of 2285000?
True
Is 9856287 a multiple of 707?
True
Is 1540339076 a multiple of 705?
False
Is 13261717 a multiple of 13?
False
Is 222793578 a multiple of 42?
True
Is 72309926 a multiple of 152?
False
Is 301686622 a multiple of 335?
False
Is 5065324611 a multiple of 4573?
False
Is 2608 a factor of 1225115824?
True
Is 67735476 a multiple of 955?
False
Is 173540023 a multiple of 510?
False
Is 186398485 a multiple of 1157?
True
Does 7 divide 6641488?
True
Does 13 divide 107471689?
True
Is 50 a factor of 8379750?
True
Does 397 divide 49459240?
False
Is 6643709 even?
False
Does 903 divide 1603363?
False
Is 370 a factor of 15219950?
True
Does 12 divide 418533519?
False
Is 44666989 a multiple of 302?
False
Is 70335074 a multiple of 38?
True
Does 1607 divide 28882611?
True
Is 109 a factor of 85982829?
False
Is 64300316 a multiple of 2895?
False
Is 524 a factor of 20998776?
True
Is 1857303559 a multiple of 431?
True
Is 31 a factor of 13226726?
False
Is 5368 a factor of 1041029428?
False
Is 39 a factor of 29601819?
True
Is 69803634 a multiple of 104?
False
Does 1600 divide 216696000?
True
Is 6753726